{"id":10,"date":"2025-07-24T22:24:45","date_gmt":"2025-07-24T20:24:45","guid":{"rendered":"https:\/\/www.1101itsolutions.de\/wordpress\/?page_id=10"},"modified":"2025-07-24T23:05:18","modified_gmt":"2025-07-24T21:05:18","slug":"impressum","status":"publish","type":"page","link":"https:\/\/www.1101itsolutions.de\/?page_id=10","title":{"rendered":"Impressum"},"content":{"rendered":"\n<p>1101 IT Solutions M.Atug und D.Jedecke GbR<\/p>\n\n\n\nPostadresse:\n<p>Bookerfly Impressum Service<br>c\/o Daniel Jedecke<br>Fallersleber Str. 4<br>39126 Magdeburg<\/p>\n\n\n\n<p><br>Vertreten durch:<br>Daniel &#8218;Jedi&#8216; Jedecke<br>Manuel &#8218;HonkHase&#8216; Atug<\/p>\n\n\n\n<p><br><br>Telefon: +49 (0) 228 3905221<br>Telefax: +49 (0) 3212-1123237<br>E-Mail: info@1101itsolutions.de<\/p>\n\n\n\n<p><br>Umsatzsteuer-ID<br>Umsatzsteuer-Identifikationsnummer gem\u00e4\u00df \u00a7 27 a Umsatzsteuergesetz:<br>DE228676160<\/p>\n\n\n\n<br>Verbraucherstreitbeilegung\/Universalschlichtungsstelle\n<p>Wir sind nicht bereit oder verpflichtet, an Streitbeilegungsverfahren vor einer<br>Verbraucherschlichtungsstelle teilzunehmen.<br>Zentrale Kontaktstelle nach dem Digital Services Act &#8211; DSA<\/p>\n\n\n\n<p><br>(Verordnung (EU) 2022\/265)<br>Unsere zentrale Kontaktstelle f\u00fcr Nutzer und Beh\u00f6rden nach Art. 11, 12 DSA erreichen Sie wie folgt:<br>E-Mail: dsa@1101itsolutions.de<br>Die f\u00fcr den Kontakt zur Verf\u00fcgung stehenden Sprachen sind: Deutsch, Englisch.<\/p>\n\n\n\n<p>Quelle:<br>https:\/\/www.e-recht24.de<br><\/p>\n","protected":false},"excerpt":{"rendered":"<p>1101 IT Solutions M.Atug und D.Jedecke GbR Postadresse: Bookerfly Impressum Servicec\/o Daniel JedeckeFallersleber Str. 439126 Magdeburg Vertreten durch:Daniel &#8218;Jedi&#8216; JedeckeManuel &#8218;HonkHase&#8216; Atug Telefon: +49 (0) 228 3905221Telefax: +49 (0) 3212-1123237E-Mail: info@1101itsolutions.de Umsatzsteuer-IDUmsatzsteuer-Identifikationsnummer gem\u00e4\u00df \u00a7 27 a Umsatzsteuergesetz:DE228676160 Verbraucherstreitbeilegung\/Universalschlichtungsstelle Wir sind nicht bereit oder verpflichtet, an Streitbeilegungsverfahren vor einerVerbraucherschlichtungsstelle teilzunehmen.Zentrale Kontaktstelle nach dem Digital Services Act [&hellip;]<\/p>\n","protected":false},"author":1,"featured_media":0,"parent":0,"menu_order":0,"comment_status":"closed","ping_status":"closed","template":"","meta":{"footnotes":""},"class_list":["post-10","page","type-page","status-publish","hentry","entry"],"_links":{"self":[{"href":"https:\/\/www.1101itsolutions.de\/index.php?rest_route=\/wp\/v2\/pages\/10","targetHints":{"allow":["GET"]}}],"collection":[{"href":"https:\/\/www.1101itsolutions.de\/index.php?rest_route=\/wp\/v2\/pages"}],"about":[{"href":"https:\/\/www.1101itsolutions.de\/index.php?rest_route=\/wp\/v2\/types\/page"}],"author":[{"embeddable":true,"href":"https:\/\/www.1101itsolutions.de\/index.php?rest_route=\/wp\/v2\/users\/1"}],"replies":[{"embeddable":true,"href":"https:\/\/www.1101itsolutions.de\/index.php?rest_route=%2Fwp%2Fv2%2Fcomments&post=10"}],"version-history":[{"count":8,"href":"https:\/\/www.1101itsolutions.de\/index.php?rest_route=\/wp\/v2\/pages\/10\/revisions"}],"predecessor-version":[{"id":47,"href":"https:\/\/www.1101itsolutions.de\/index.php?rest_route=\/wp\/v2\/pages\/10\/revisions\/47"}],"wp:attachment":[{"href":"https:\/\/www.1101itsolutions.de\/index.php?rest_route=%2Fwp%2Fv2%2Fmedia&parent=10"}],"curies":[{"name":"wp","href":"https:\/\/api.w.org\/{rel}","templated":true}]}}